{"id":6,"date":"2020-05-05T20:44:17","date_gmt":"2020-05-05T18:44:17","guid":{"rendered":"https:\/\/optiso.kunden.better-more.de\/?page_id=6"},"modified":"2024-05-11T19:44:35","modified_gmt":"2024-05-11T17:44:35","slug":"impressum","status":"publish","type":"page","link":"https:\/\/www.optiso-prozessautomatisierung.de\/?page_id=6","title":{"rendered":"Impressum"},"content":{"rendered":"\t\t<div data-elementor-type=\"wp-page\" data-elementor-id=\"6\" class=\"elementor elementor-6\">\n\t\t\t\t\t\t<section class=\"elementor-section elementor-top-section elementor-element elementor-element-8a84305 elementor-section-boxed elementor-section-height-default elementor-section-height-default\" data-id=\"8a84305\" data-element_type=\"section\">\n\t\t\t\t\t\t<div class=\"elementor-container elementor-column-gap-default\">\n\t\t\t\t\t<div class=\"elementor-column elementor-col-100 elementor-top-column elementor-element elementor-element-2abd994f\" data-id=\"2abd994f\" data-element_type=\"column\">\n\t\t\t<div class=\"elementor-widget-wrap elementor-element-populated\">\n\t\t\t\t\t\t<div class=\"elementor-element elementor-element-6a797783 elementor-widget elementor-widget-text-editor\" data-id=\"6a797783\" data-element_type=\"widget\" data-widget_type=\"text-editor.default\">\n\t\t\t\t<div class=\"elementor-widget-container\">\n\t\t\t\t\t\t\t<h1><span style=\"font-size: 16px;\">Angaben gem\u00e4\u00df \u00a7 5 DDG<\/span><\/h1>\n<div>\n<p><span style=\"font-size: 38px; color: var( --e-global-color-text ); letter-spacing: 0px;\">Kontakt:<\/span><\/p>\n<p><span style=\"font-weight: bolder;\">Telefon:<\/span>&nbsp;+49 531 61565783 (Zentrale)<br><span style=\"font-weight: bolder;\">Fax:<\/span>&nbsp;+49 531 38729573<br><span style=\"font-weight: bolder;\">E-Mail:<\/span>&nbsp;kontakt@optiso-consult.de<br><span style=\"font-weight: bolder;\">Steuernummer:<\/span>&nbsp;13\/207\/04740<br><span style=\"font-weight: bolder;\">Umsatzsteuer-Identifikationsnummer gem\u00e4\u00df \u00a727a Umsatzsteuergesetz:<\/span>&nbsp;DE347068662<\/p>\n<\/div>\n<p><span style=\"color: var( --e-global-color-text ); font-size: 38px; letter-spacing: 0px; font-family: var( --e-global-typography-text-font-family ), Sans-serif; font-weight: var( --e-global-typography-text-font-weight );\">Verantwortlich f\u00fcr den Inhalt nach \u00a7 55 Abs. 2 RStV:<\/span><br><\/p>\n<p><b style=\"color: var( --e-global-color-text ); font-family: var( --e-global-typography-text-font-family ), Sans-serif;\">OptiSo Prozessautomatisierung und Anlagentechnik UG (haftungsbeschr\u00e4nkt)&nbsp;<\/b><\/p>\n<p><span style=\"font-size: 16px;\">Gro\u00dfe Stra\u00dfe 30<br><\/span><span style=\"font-size: 16px;\">38116 Braunschweig<br><\/span><\/p>\n<p><span style=\"font-size: 16px;\">Eintragung im Handelsregister des Amtsgerichts Braunschweig<br><\/span><span style=\"font-size: 16px;\">Registernummer HRB 209481<\/span><\/p>\n<p><span style=\"font-size: 38px; color: var( --e-global-color-text ); letter-spacing: 0px;\">Vertreten durch ihren Gesch\u00e4ftsf\u00fchrer&nbsp;<\/span><\/p>\n<p><span style=\"font-size: 16px;\">Herr Hartmut Grecko<\/span><\/p>\n<p><span style=\"font-size: 38px; color: var( --e-global-color-text ); letter-spacing: 0px;\">Gesellschafter:<\/span><\/p>\n<p><span style=\"font-size: 16px;\">Herr Hartmut Grecko<br>Herr Dr. Dino Andr\u00e9 Schubert (ppa)<\/span><\/p>\n<p><\/p>\n<p><br><\/p>\n<p><!-- \/wp:paragraph --><\/p>\t\t\t\t\t\t<\/div>\n\t\t\t\t<\/div>\n\t\t\t\t\t<\/div>\n\t\t<\/div>\n\t\t\t\t\t<\/div>\n\t\t<\/section>\n\t\t\t\t<\/div>\n\t\t","protected":false},"excerpt":{"rendered":"<p>Angaben gem\u00e4\u00df \u00a7 5 DDG Kontakt: Telefon:&nbsp;+49 531 61565783 (Zentrale)Fax:&nbsp;+49 531 38729573E-Mail:&nbsp;kontakt@optiso-consult.deSteuernummer:&nbsp;13\/207\/04740Umsatzsteuer-Identifikationsnummer gem\u00e4\u00df \u00a727a Umsatzsteuergesetz:&nbsp;DE347068662 Verantwortlich f\u00fcr den Inhalt nach \u00a7 55 Abs. 2 RStV: OptiSo Prozessautomatisierung und Anlagentechnik UG (haftungsbeschr\u00e4nkt)&nbsp; Gro\u00dfe Stra\u00dfe 3038116 Braunschweig Eintragung im Handelsregister des Amtsgerichts BraunschweigRegisternummer HRB 209481 Vertreten durch ihren Gesch\u00e4ftsf\u00fchrer&nbsp; Herr Hartmut Grecko Gesellschafter: Herr Hartmut GreckoHerr Dr. [&hellip;]<\/p>\n","protected":false},"author":1,"featured_media":0,"parent":1732,"menu_order":0,"comment_status":"closed","ping_status":"closed","template":"","meta":{"footnotes":""},"class_list":["post-6","page","type-page","status-publish","hentry"],"yoast_head":"<!-- This site is optimized with the Yoast SEO plugin v23.5 - https:\/\/yoast.com\/wordpress\/plugins\/seo\/ -->\n<title>Impressum - Prozessautomatisierung<\/title>\n<meta name=\"robots\" content=\"index, follow, max-snippet:-1, max-image-preview:large, max-video-preview:-1\" \/>\n<link rel=\"canonical\" href=\"https:\/\/www.optiso-prozessautomatisierung.de\/?page_id=6\" \/>\n<meta property=\"og:locale\" content=\"de_DE\" \/>\n<meta property=\"og:type\" content=\"article\" \/>\n<meta property=\"og:title\" content=\"Impressum - Prozessautomatisierung\" \/>\n<meta property=\"og:description\" content=\"Angaben gem\u00e4\u00df \u00a7 5 DDG Kontakt: Telefon:&nbsp;+49 531 61565783 (Zentrale)Fax:&nbsp;+49 531 38729573E-Mail:&nbsp;kontakt@optiso-consult.deSteuernummer:&nbsp;13\/207\/04740Umsatzsteuer-Identifikationsnummer gem\u00e4\u00df \u00a727a Umsatzsteuergesetz:&nbsp;DE347068662 Verantwortlich f\u00fcr den Inhalt nach \u00a7 55 Abs. 2 RStV: OptiSo Prozessautomatisierung und Anlagentechnik UG (haftungsbeschr\u00e4nkt)&nbsp; Gro\u00dfe Stra\u00dfe 3038116 Braunschweig Eintragung im Handelsregister des Amtsgerichts BraunschweigRegisternummer HRB 209481 Vertreten durch ihren Gesch\u00e4ftsf\u00fchrer&nbsp; Herr Hartmut Grecko Gesellschafter: Herr Hartmut GreckoHerr Dr. [&hellip;]\" \/>\n<meta property=\"og:url\" content=\"https:\/\/www.optiso-prozessautomatisierung.de\/?page_id=6\" \/>\n<meta property=\"og:site_name\" content=\"Prozessautomatisierung\" \/>\n<meta property=\"article:modified_time\" content=\"2024-05-11T17:44:35+00:00\" \/>\n<meta name=\"twitter:card\" content=\"summary_large_image\" \/>\n<meta name=\"twitter:label1\" content=\"Gesch\u00e4tzte Lesezeit\" \/>\n\t<meta name=\"twitter:data1\" content=\"1 Minute\" \/>\n<script type=\"application\/ld+json\" class=\"yoast-schema-graph\">{\"@context\":\"https:\/\/schema.org\",\"@graph\":[{\"@type\":\"WebPage\",\"@id\":\"https:\/\/www.optiso-prozessautomatisierung.de\/?page_id=6\",\"url\":\"https:\/\/www.optiso-prozessautomatisierung.de\/?page_id=6\",\"name\":\"Impressum - Prozessautomatisierung\",\"isPartOf\":{\"@id\":\"https:\/\/www.optiso-prozessautomatisierung.de\/#website\"},\"datePublished\":\"2020-05-05T18:44:17+00:00\",\"dateModified\":\"2024-05-11T17:44:35+00:00\",\"breadcrumb\":{\"@id\":\"https:\/\/www.optiso-prozessautomatisierung.de\/?page_id=6#breadcrumb\"},\"inLanguage\":\"de-DE\",\"potentialAction\":[{\"@type\":\"ReadAction\",\"target\":[\"https:\/\/www.optiso-prozessautomatisierung.de\/?page_id=6\"]}]},{\"@type\":\"BreadcrumbList\",\"@id\":\"https:\/\/www.optiso-prozessautomatisierung.de\/?page_id=6#breadcrumb\",\"itemListElement\":[{\"@type\":\"ListItem\",\"position\":1,\"name\":\"Startseite\",\"item\":\"https:\/\/www.optiso-prozessautomatisierung.de\/\"},{\"@type\":\"ListItem\",\"position\":2,\"name\":\"Informationen\",\"item\":\"https:\/\/www.optiso-prozessautomatisierung.de\/?page_id=1732\"},{\"@type\":\"ListItem\",\"position\":3,\"name\":\"Impressum\"}]},{\"@type\":\"WebSite\",\"@id\":\"https:\/\/www.optiso-prozessautomatisierung.de\/#website\",\"url\":\"https:\/\/www.optiso-prozessautomatisierung.de\/\",\"name\":\"Prozessautomatisierung\",\"description\":\"\",\"publisher\":{\"@id\":\"https:\/\/www.optiso-prozessautomatisierung.de\/#organization\"},\"potentialAction\":[{\"@type\":\"SearchAction\",\"target\":{\"@type\":\"EntryPoint\",\"urlTemplate\":\"https:\/\/www.optiso-prozessautomatisierung.de\/?s={search_term_string}\"},\"query-input\":{\"@type\":\"PropertyValueSpecification\",\"valueRequired\":true,\"valueName\":\"search_term_string\"}}],\"inLanguage\":\"de-DE\"},{\"@type\":\"Organization\",\"@id\":\"https:\/\/www.optiso-prozessautomatisierung.de\/#organization\",\"name\":\"Prozessautomatisierung\",\"url\":\"https:\/\/www.optiso-prozessautomatisierung.de\/\",\"logo\":{\"@type\":\"ImageObject\",\"inLanguage\":\"de-DE\",\"@id\":\"https:\/\/www.optiso-prozessautomatisierung.de\/#\/schema\/logo\/image\/\",\"url\":\"https:\/\/www.optiso-prozessautomatisierung.de\/wp-content\/uploads\/2021\/11\/optiso-logo.png\",\"contentUrl\":\"https:\/\/www.optiso-prozessautomatisierung.de\/wp-content\/uploads\/2021\/11\/optiso-logo.png\",\"width\":232,\"height\":266,\"caption\":\"Prozessautomatisierung\"},\"image\":{\"@id\":\"https:\/\/www.optiso-prozessautomatisierung.de\/#\/schema\/logo\/image\/\"}}]}<\/script>\n<!-- \/ Yoast SEO plugin. -->","yoast_head_json":{"title":"Impressum - Prozessautomatisierung","robots":{"index":"index","follow":"follow","max-snippet":"max-snippet:-1","max-image-preview":"max-image-preview:large","max-video-preview":"max-video-preview:-1"},"canonical":"https:\/\/www.optiso-prozessautomatisierung.de\/?page_id=6","og_locale":"de_DE","og_type":"article","og_title":"Impressum - Prozessautomatisierung","og_description":"Angaben gem\u00e4\u00df \u00a7 5 DDG Kontakt: Telefon:&nbsp;+49 531 61565783 (Zentrale)Fax:&nbsp;+49 531 38729573E-Mail:&nbsp;kontakt@optiso-consult.deSteuernummer:&nbsp;13\/207\/04740Umsatzsteuer-Identifikationsnummer gem\u00e4\u00df \u00a727a Umsatzsteuergesetz:&nbsp;DE347068662 Verantwortlich f\u00fcr den Inhalt nach \u00a7 55 Abs. 2 RStV: OptiSo Prozessautomatisierung und Anlagentechnik UG (haftungsbeschr\u00e4nkt)&nbsp; Gro\u00dfe Stra\u00dfe 3038116 Braunschweig Eintragung im Handelsregister des Amtsgerichts BraunschweigRegisternummer HRB 209481 Vertreten durch ihren Gesch\u00e4ftsf\u00fchrer&nbsp; Herr Hartmut Grecko Gesellschafter: Herr Hartmut GreckoHerr Dr. [&hellip;]","og_url":"https:\/\/www.optiso-prozessautomatisierung.de\/?page_id=6","og_site_name":"Prozessautomatisierung","article_modified_time":"2024-05-11T17:44:35+00:00","twitter_card":"summary_large_image","twitter_misc":{"Gesch\u00e4tzte Lesezeit":"1 Minute"},"schema":{"@context":"https:\/\/schema.org","@graph":[{"@type":"WebPage","@id":"https:\/\/www.optiso-prozessautomatisierung.de\/?page_id=6","url":"https:\/\/www.optiso-prozessautomatisierung.de\/?page_id=6","name":"Impressum - Prozessautomatisierung","isPartOf":{"@id":"https:\/\/www.optiso-prozessautomatisierung.de\/#website"},"datePublished":"2020-05-05T18:44:17+00:00","dateModified":"2024-05-11T17:44:35+00:00","breadcrumb":{"@id":"https:\/\/www.optiso-prozessautomatisierung.de\/?page_id=6#breadcrumb"},"inLanguage":"de-DE","potentialAction":[{"@type":"ReadAction","target":["https:\/\/www.optiso-prozessautomatisierung.de\/?page_id=6"]}]},{"@type":"BreadcrumbList","@id":"https:\/\/www.optiso-prozessautomatisierung.de\/?page_id=6#breadcrumb","itemListElement":[{"@type":"ListItem","position":1,"name":"Startseite","item":"https:\/\/www.optiso-prozessautomatisierung.de\/"},{"@type":"ListItem","position":2,"name":"Informationen","item":"https:\/\/www.optiso-prozessautomatisierung.de\/?page_id=1732"},{"@type":"ListItem","position":3,"name":"Impressum"}]},{"@type":"WebSite","@id":"https:\/\/www.optiso-prozessautomatisierung.de\/#website","url":"https:\/\/www.optiso-prozessautomatisierung.de\/","name":"Prozessautomatisierung","description":"","publisher":{"@id":"https:\/\/www.optiso-prozessautomatisierung.de\/#organization"},"potentialAction":[{"@type":"SearchAction","target":{"@type":"EntryPoint","urlTemplate":"https:\/\/www.optiso-prozessautomatisierung.de\/?s={search_term_string}"},"query-input":{"@type":"PropertyValueSpecification","valueRequired":true,"valueName":"search_term_string"}}],"inLanguage":"de-DE"},{"@type":"Organization","@id":"https:\/\/www.optiso-prozessautomatisierung.de\/#organization","name":"Prozessautomatisierung","url":"https:\/\/www.optiso-prozessautomatisierung.de\/","logo":{"@type":"ImageObject","inLanguage":"de-DE","@id":"https:\/\/www.optiso-prozessautomatisierung.de\/#\/schema\/logo\/image\/","url":"https:\/\/www.optiso-prozessautomatisierung.de\/wp-content\/uploads\/2021\/11\/optiso-logo.png","contentUrl":"https:\/\/www.optiso-prozessautomatisierung.de\/wp-content\/uploads\/2021\/11\/optiso-logo.png","width":232,"height":266,"caption":"Prozessautomatisierung"},"image":{"@id":"https:\/\/www.optiso-prozessautomatisierung.de\/#\/schema\/logo\/image\/"}}]}},"_links":{"self":[{"href":"https:\/\/www.optiso-prozessautomatisierung.de\/index.php?rest_route=\/wp\/v2\/pages\/6"}],"collection":[{"href":"https:\/\/www.optiso-prozessautomatisierung.de\/index.php?rest_route=\/wp\/v2\/pages"}],"about":[{"href":"https:\/\/www.optiso-prozessautomatisierung.de\/index.php?rest_route=\/wp\/v2\/types\/page"}],"author":[{"embeddable":true,"href":"https:\/\/www.optiso-prozessautomatisierung.de\/index.php?rest_route=\/wp\/v2\/users\/1"}],"replies":[{"embeddable":true,"href":"https:\/\/www.optiso-prozessautomatisierung.de\/index.php?rest_route=%2Fwp%2Fv2%2Fcomments&post=6"}],"version-history":[{"count":0,"href":"https:\/\/www.optiso-prozessautomatisierung.de\/index.php?rest_route=\/wp\/v2\/pages\/6\/revisions"}],"up":[{"embeddable":true,"href":"https:\/\/www.optiso-prozessautomatisierung.de\/index.php?rest_route=\/wp\/v2\/pages\/1732"}],"wp:attachment":[{"href":"https:\/\/www.optiso-prozessautomatisierung.de\/index.php?rest_route=%2Fwp%2Fv2%2Fmedia&parent=6"}],"curies":[{"name":"wp","href":"https:\/\/api.w.org\/{rel}","templated":true}]}}