{"id":5061,"date":"2021-07-26T12:47:28","date_gmt":"2021-07-26T10:47:28","guid":{"rendered":"https:\/\/www.optiso-consult.de\/?page_id=5061"},"modified":"2022-09-11T21:48:44","modified_gmt":"2022-09-11T19:48:44","slug":"prozessautomatisierung","status":"publish","type":"page","link":"https:\/\/www.optiso-prozessautomatisierung.de\/?page_id=5061","title":{"rendered":"Unsere Leistungen"},"content":{"rendered":"\t\t<div data-elementor-type=\"wp-page\" data-elementor-id=\"5061\" class=\"elementor elementor-5061\">\n\t\t\t\t\t\t<header class=\"elementor-section elementor-top-section elementor-element elementor-element-20718085 elementor-section-stretched elementor-section-boxed elementor-section-height-default elementor-section-height-default\" data-id=\"20718085\" data-element_type=\"section\" data-settings=\"{&quot;stretch_section&quot;:&quot;section-stretched&quot;,&quot;background_background&quot;:&quot;classic&quot;}\">\n\t\t\t\t\t\t\t<div class=\"elementor-background-overlay\"><\/div>\n\t\t\t\t\t\t\t<div class=\"elementor-container elementor-column-gap-default\">\n\t\t\t\t\t<div class=\"elementor-column elementor-col-100 elementor-top-column elementor-element elementor-element-2f1018c\" data-id=\"2f1018c\" data-element_type=\"column\">\n\t\t\t<div class=\"elementor-widget-wrap elementor-element-populated\">\n\t\t\t\t\t\t<div class=\"elementor-element elementor-element-3d5a621b elementor-invisible elementor-widget elementor-widget-heading\" data-id=\"3d5a621b\" data-element_type=\"widget\" data-settings=\"{&quot;_animation&quot;:&quot;fadeInUp&quot;,&quot;_animation_delay&quot;:&quot;600&quot;}\" data-widget_type=\"heading.default\">\n\t\t\t\t<div class=\"elementor-widget-container\">\n\t\t\t<h2 class=\"elementor-heading-title elementor-size-default\">ProzessAutomatisierung<\/h2>\t\t<\/div>\n\t\t\t\t<\/div>\n\t\t\t\t<div class=\"elementor-element elementor-element-59384884 elementor-invisible elementor-widget elementor-widget-text-editor\" data-id=\"59384884\" data-element_type=\"widget\" data-settings=\"{&quot;_animation&quot;:&quot;fadeIn&quot;,&quot;_animation_delay&quot;:&quot;400&quot;}\" data-widget_type=\"text-editor.default\">\n\t\t\t\t<div class=\"elementor-widget-container\">\n\t\t\t\t\t\t\t<p>Als herstellerunabh\u00e4ngiger Systemintegrator w\u00e4hlen wir die passenden Automationsstrategien und -technologien f\u00fcr Ihr Unternehmen aus und realisieren diese mit Kompetenz und Erfahrung aus mehr als 30 Jahren Beratungserfahrungen.<\/p>\t\t\t\t\t\t<\/div>\n\t\t\t\t<\/div>\n\t\t\t\t\t<\/div>\n\t\t<\/div>\n\t\t\t\t\t<\/div>\n\t\t<\/header>\n\t\t\t\t<section class=\"elementor-section elementor-top-section elementor-element elementor-element-6364d717 elementor-section-boxed elementor-section-height-default elementor-section-height-default elementor-invisible\" data-id=\"6364d717\" data-element_type=\"section\" data-settings=\"{&quot;background_background&quot;:&quot;classic&quot;,&quot;animation&quot;:&quot;fadeInUp&quot;,&quot;animation_delay&quot;:&quot;400&quot;}\">\n\t\t\t\t\t\t<div class=\"elementor-container elementor-column-gap-default\">\n\t\t\t\t\t<div class=\"elementor-column elementor-col-100 elementor-top-column elementor-element elementor-element-6c7f3111\" data-id=\"6c7f3111\" data-element_type=\"column\">\n\t\t\t<div class=\"elementor-widget-wrap elementor-element-populated\">\n\t\t\t\t\t\t<div class=\"elementor-element elementor-element-3e991027 envato-kit-62-ttl-green elementor-invisible elementor-widget elementor-widget-heading\" data-id=\"3e991027\" data-element_type=\"widget\" data-settings=\"{&quot;_animation&quot;:&quot;fadeInDown&quot;,&quot;_animation_delay&quot;:&quot;300&quot;}\" data-widget_type=\"heading.default\">\n\t\t\t\t<div class=\"elementor-widget-container\">\n\t\t\t<h6 class=\"elementor-heading-title elementor-size-default\">Eine Auswahl Unserer Leistungen im Einzelnen:<\/h6>\t\t<\/div>\n\t\t\t\t<\/div>\n\t\t\t\t<section class=\"elementor-section elementor-inner-section elementor-element elementor-element-68294aee elementor-section-full_width elementor-section-height-default elementor-section-height-default\" data-id=\"68294aee\" data-element_type=\"section\" data-settings=\"{&quot;background_background&quot;:&quot;classic&quot;}\">\n\t\t\t\t\t\t<div class=\"elementor-container elementor-column-gap-default\">\n\t\t\t\t\t<div class=\"elementor-column elementor-col-33 elementor-inner-column elementor-element elementor-element-4a16c1f4\" data-id=\"4a16c1f4\" data-element_type=\"column\">\n\t\t\t<div class=\"elementor-widget-wrap elementor-element-populated\">\n\t\t\t\t\t\t<div class=\"elementor-element elementor-element-1c93b29c elementor-widget elementor-widget-image-box\" data-id=\"1c93b29c\" data-element_type=\"widget\" data-widget_type=\"image-box.default\">\n\t\t\t\t<div class=\"elementor-widget-container\">\n\t\t\t<div class=\"elementor-image-box-wrapper\"><div class=\"elementor-image-box-content\"><span class=\"elementor-image-box-title\">1. Basic- Engineering<\/span><p class=\"elementor-image-box-description\">Konzepterstellung, Technische \/ Kommerzielle Vorkl\u00e4rung<br>\nMarktstudien \/ Systemvergleiche<br>\nSpezifikation EMSR-Technik und Automatisierungssystemen<br>\nFunktionale Sicherheit SIL \/ PL<\/p><\/div><\/div>\t\t<\/div>\n\t\t\t\t<\/div>\n\t\t\t\t\t<\/div>\n\t\t<\/div>\n\t\t\t\t<div class=\"elementor-column elementor-col-33 elementor-inner-column elementor-element elementor-element-3e17d108\" data-id=\"3e17d108\" data-element_type=\"column\">\n\t\t\t<div class=\"elementor-widget-wrap elementor-element-populated\">\n\t\t\t\t\t\t<div class=\"elementor-element elementor-element-7c9bb727 elementor-widget elementor-widget-image-box\" data-id=\"7c9bb727\" data-element_type=\"widget\" data-widget_type=\"image-box.default\">\n\t\t\t\t<div class=\"elementor-widget-container\">\n\t\t\t<div class=\"elementor-image-box-wrapper\"><div class=\"elementor-image-box-content\"><span class=\"elementor-image-box-title\">2. Detail- Engineering (E- \/ MSR-Technik)<\/span><p class=\"elementor-image-box-description\">F\u00fchren von E\/MSR Datenlisten<br>\nKonstruktion<br>\nHardwareplanung und Beschaffung (systemneutral)<\/p><\/div><\/div>\t\t<\/div>\n\t\t\t\t<\/div>\n\t\t\t\t\t<\/div>\n\t\t<\/div>\n\t\t\t\t<div class=\"elementor-column elementor-col-33 elementor-inner-column elementor-element elementor-element-3cdddade\" data-id=\"3cdddade\" data-element_type=\"column\">\n\t\t\t<div class=\"elementor-widget-wrap elementor-element-populated\">\n\t\t\t\t\t\t<div class=\"elementor-element elementor-element-1c276eb5 elementor-widget elementor-widget-image-box\" data-id=\"1c276eb5\" data-element_type=\"widget\" data-widget_type=\"image-box.default\">\n\t\t\t\t<div class=\"elementor-widget-container\">\n\t\t\t<div class=\"elementor-image-box-wrapper\"><div class=\"elementor-image-box-content\"><span class=\"elementor-image-box-title\">3. Software- Engineering (Automation)<\/span><p class=\"elementor-image-box-description\">Systemunabh\u00e4ngige Softwareerstellung und Integration (PLC)<br>\nAnlagensimulation und Funktionstests (FAT)<br>\nProzessvisualisierung (HMI und SCADA)<br>\nErfassen von Betriebsdaten und Anbindung an ERP \/ MES<\/p><\/div><\/div>\t\t<\/div>\n\t\t\t\t<\/div>\n\t\t\t\t\t<\/div>\n\t\t<\/div>\n\t\t\t\t\t<\/div>\n\t\t<\/section>\n\t\t\t\t<section class=\"elementor-section elementor-inner-section elementor-element elementor-element-3686645 elementor-section-full_width elementor-section-height-default elementor-section-height-default\" data-id=\"3686645\" data-element_type=\"section\" data-settings=\"{&quot;background_background&quot;:&quot;classic&quot;}\">\n\t\t\t\t\t\t<div class=\"elementor-container elementor-column-gap-default\">\n\t\t\t\t\t<div class=\"elementor-column elementor-col-33 elementor-inner-column elementor-element elementor-element-58a9b77\" data-id=\"58a9b77\" data-element_type=\"column\">\n\t\t\t<div class=\"elementor-widget-wrap elementor-element-populated\">\n\t\t\t\t\t\t<div class=\"elementor-element elementor-element-6b937c0 elementor-widget elementor-widget-image-box\" data-id=\"6b937c0\" data-element_type=\"widget\" data-widget_type=\"image-box.default\">\n\t\t\t\t<div class=\"elementor-widget-container\">\n\t\t\t<div class=\"elementor-image-box-wrapper\"><div class=\"elementor-image-box-content\"><span class=\"elementor-image-box-title\">4. Industrial IT<\/span><p class=\"elementor-image-box-description\">Cloud- Anbindung<br>\nIndustrial Edge Devices<br>\nCyber Security<br>\nIoT- Plattform<\/p><\/div><\/div>\t\t<\/div>\n\t\t\t\t<\/div>\n\t\t\t\t\t<\/div>\n\t\t<\/div>\n\t\t\t\t<div class=\"elementor-column elementor-col-33 elementor-inner-column elementor-element elementor-element-71eafa8\" data-id=\"71eafa8\" data-element_type=\"column\">\n\t\t\t<div class=\"elementor-widget-wrap elementor-element-populated\">\n\t\t\t\t\t\t<div class=\"elementor-element elementor-element-8396cf3 elementor-widget elementor-widget-image-box\" data-id=\"8396cf3\" data-element_type=\"widget\" data-widget_type=\"image-box.default\">\n\t\t\t\t<div class=\"elementor-widget-container\">\n\t\t\t<div class=\"elementor-image-box-wrapper\"><div class=\"elementor-image-box-content\"><span class=\"elementor-image-box-title\">5. Fertigung von Schaltschr\u00e4nken<\/span><p class=\"elementor-image-box-description\">Niederspannungsverteilung<br>\nEMSR-Steuerschr\u00e4nke und Rangierfelder<br>\nMittelspannungsschaltanlagen, Transformatoren, USV-Anlagen, Notstromversorgung<\/p><\/div><\/div>\t\t<\/div>\n\t\t\t\t<\/div>\n\t\t\t\t\t<\/div>\n\t\t<\/div>\n\t\t\t\t<div class=\"elementor-column elementor-col-33 elementor-inner-column elementor-element elementor-element-3601938\" data-id=\"3601938\" data-element_type=\"column\">\n\t\t\t<div class=\"elementor-widget-wrap elementor-element-populated\">\n\t\t\t\t\t\t<div class=\"elementor-element elementor-element-c9b930f elementor-widget elementor-widget-image-box\" data-id=\"c9b930f\" data-element_type=\"widget\" data-widget_type=\"image-box.default\">\n\t\t\t\t<div class=\"elementor-widget-container\">\n\t\t\t<div class=\"elementor-image-box-wrapper\"><div class=\"elementor-image-box-content\"><span class=\"elementor-image-box-title\">6. Montage und Baustellenmanagement<\/span><p class=\"elementor-image-box-description\">Projektcontrolling<br>\nRisikoanalyse und Betreuung durch SGU\/QM<br>\nDemontage<br>\nMontageplanung<br>\nBaustelleneinrichtung<br>\nEMSR \u2013 Montagen (Leitungsf\u00fchrung und Anschluss)<\/p><\/div><\/div>\t\t<\/div>\n\t\t\t\t<\/div>\n\t\t\t\t\t<\/div>\n\t\t<\/div>\n\t\t\t\t\t<\/div>\n\t\t<\/section>\n\t\t\t\t<section class=\"elementor-section elementor-inner-section elementor-element elementor-element-366dc69 elementor-section-full_width elementor-section-height-default elementor-section-height-default\" data-id=\"366dc69\" data-element_type=\"section\" data-settings=\"{&quot;background_background&quot;:&quot;classic&quot;}\">\n\t\t\t\t\t\t<div class=\"elementor-container elementor-column-gap-default\">\n\t\t\t\t\t<div class=\"elementor-column elementor-col-33 elementor-inner-column elementor-element elementor-element-8113f88\" data-id=\"8113f88\" data-element_type=\"column\">\n\t\t\t<div class=\"elementor-widget-wrap elementor-element-populated\">\n\t\t\t\t\t\t<div class=\"elementor-element elementor-element-06b6bf6 elementor-widget elementor-widget-image-box\" data-id=\"06b6bf6\" data-element_type=\"widget\" data-widget_type=\"image-box.default\">\n\t\t\t\t<div class=\"elementor-widget-container\">\n\t\t\t<div class=\"elementor-image-box-wrapper\"><div class=\"elementor-image-box-content\"><span class=\"elementor-image-box-title\">7. Montageendpr\u00fcfung und Inbetriebnahme<\/span><p class=\"elementor-image-box-description\">Installationspr\u00fcfung nach DIN EN \/ VDE<br>\nInbetriebnahme SAT<br>\nLoop-Check<\/p><\/div><\/div>\t\t<\/div>\n\t\t\t\t<\/div>\n\t\t\t\t\t<\/div>\n\t\t<\/div>\n\t\t\t\t<div class=\"elementor-column elementor-col-33 elementor-inner-column elementor-element elementor-element-336ce96\" data-id=\"336ce96\" data-element_type=\"column\">\n\t\t\t<div class=\"elementor-widget-wrap elementor-element-populated\">\n\t\t\t\t\t\t<div class=\"elementor-element elementor-element-71c61c8 elementor-widget elementor-widget-image-box\" data-id=\"71c61c8\" data-element_type=\"widget\" data-widget_type=\"image-box.default\">\n\t\t\t\t<div class=\"elementor-widget-container\">\n\t\t\t<div class=\"elementor-image-box-wrapper\"><div class=\"elementor-image-box-content\"><span class=\"elementor-image-box-title\">8. Service<\/span><p class=\"elementor-image-box-description\">Wartungs- und Instandhaltungsarbeiten<br>\nRufbereitschaft und Servicevertr\u00e4ge<\/p><\/div><\/div>\t\t<\/div>\n\t\t\t\t<\/div>\n\t\t\t\t\t<\/div>\n\t\t<\/div>\n\t\t\t\t<div class=\"elementor-column elementor-col-33 elementor-inner-column elementor-element elementor-element-57c7002\" data-id=\"57c7002\" data-element_type=\"column\">\n\t\t\t<div class=\"elementor-widget-wrap elementor-element-populated\">\n\t\t\t\t\t\t<div class=\"elementor-element elementor-element-7d1206b elementor-widget elementor-widget-image-box\" data-id=\"7d1206b\" data-element_type=\"widget\" data-widget_type=\"image-box.default\">\n\t\t\t\t<div class=\"elementor-widget-container\">\n\t\t\t<div class=\"elementor-image-box-wrapper\"><div class=\"elementor-image-box-content\"><span class=\"elementor-image-box-title\">9. Tools<\/span><p class=\"elementor-image-box-description\">Simatic S7 & TIA Portal \/ WinCC \/ PCS7<br>\nAVEVA Wonderware \/ InTouch<br>\nABB 800xA<br>\nHIMA SILworX \/ ELOP2<br>\nSIMIT, WINMOD, WORKVISUAL KUKA KRC4<br>\nePLAN, WSCAD, ELCAD, AUCOPLAN, RUPLAN, COMOS, ProDOK, PLANEDS<\/p><\/div><\/div>\t\t<\/div>\n\t\t\t\t<\/div>\n\t\t\t\t\t<\/div>\n\t\t<\/div>\n\t\t\t\t\t<\/div>\n\t\t<\/section>\n\t\t\t\t<section class=\"elementor-section elementor-inner-section elementor-element elementor-element-7ae973c elementor-section-full_width elementor-section-height-default elementor-section-height-default\" data-id=\"7ae973c\" data-element_type=\"section\" data-settings=\"{&quot;background_background&quot;:&quot;classic&quot;}\">\n\t\t\t\t\t\t<div class=\"elementor-container elementor-column-gap-default\">\n\t\t\t\t\t<div class=\"elementor-column elementor-col-50 elementor-inner-column elementor-element elementor-element-11af3d1\" data-id=\"11af3d1\" data-element_type=\"column\">\n\t\t\t<div class=\"elementor-widget-wrap elementor-element-populated\">\n\t\t\t\t\t\t<div class=\"elementor-element elementor-element-f483593 elementor-widget elementor-widget-image-box\" data-id=\"f483593\" data-element_type=\"widget\" data-widget_type=\"image-box.default\">\n\t\t\t\t<div class=\"elementor-widget-container\">\n\t\t\t<div class=\"elementor-image-box-wrapper\"><div class=\"elementor-image-box-content\"><span class=\"elementor-image-box-title\">10. Systempartner<\/span><p class=\"elementor-image-box-description\">ABB, B&R, SIEMENS, GEFASOFT, HONEYWELL<br>\nSCHNEIDER ELECTRIC, WAGO, INMATION<br>\nROCKWELL, SWISSLOG, BECKHOFF<br>\nKUKA, ST\u00c4UBLI<\/p><\/div><\/div>\t\t<\/div>\n\t\t\t\t<\/div>\n\t\t\t\t\t<\/div>\n\t\t<\/div>\n\t\t\t\t<div class=\"elementor-column elementor-col-50 elementor-inner-column elementor-element elementor-element-4658ec8\" data-id=\"4658ec8\" data-element_type=\"column\">\n\t\t\t<div class=\"elementor-widget-wrap\">\n\t\t\t\t\t\t\t<\/div>\n\t\t<\/div>\n\t\t\t\t\t<\/div>\n\t\t<\/section>\n\t\t\t\t<div class=\"elementor-element elementor-element-46e6a68e elementor-hidden-desktop elementor-hidden-tablet elementor-hidden-phone elementor-invisible elementor-widget elementor-widget-text-editor\" data-id=\"46e6a68e\" data-element_type=\"widget\" data-settings=\"{&quot;_animation&quot;:&quot;fadeIn&quot;,&quot;_animation_delay&quot;:&quot;400&quot;}\" data-widget_type=\"text-editor.default\">\n\t\t\t\t<div class=\"elementor-widget-container\">\n\t\t\t\t\t\t\t<p>Hier k\u00f6nnte Text stehen<\/p>\t\t\t\t\t\t<\/div>\n\t\t\t\t<\/div>\n\t\t\t\t\t<\/div>\n\t\t<\/div>\n\t\t\t\t\t<\/div>\n\t\t<\/section>\n\t\t\t\t<section class=\"elementor-section elementor-top-section elementor-element elementor-element-70b71c92 elementor-section-stretched elementor-section-boxed elementor-section-height-default elementor-section-height-default\" data-id=\"70b71c92\" data-element_type=\"section\" data-settings=\"{&quot;stretch_section&quot;:&quot;section-stretched&quot;,&quot;background_background&quot;:&quot;classic&quot;}\">\n\t\t\t\t\t\t\t<div class=\"elementor-background-overlay\"><\/div>\n\t\t\t\t\t\t\t<div class=\"elementor-container elementor-column-gap-default\">\n\t\t\t\t\t<div class=\"elementor-column elementor-col-100 elementor-top-column elementor-element elementor-element-d09f5fb\" data-id=\"d09f5fb\" data-element_type=\"column\">\n\t\t\t<div class=\"elementor-widget-wrap elementor-element-populated\">\n\t\t\t\t\t\t<div class=\"elementor-element elementor-element-7da71c19 envato-kit-62-ttl-mixed elementor-invisible elementor-widget elementor-widget-heading\" data-id=\"7da71c19\" data-element_type=\"widget\" data-settings=\"{&quot;_animation&quot;:&quot;fadeIn&quot;,&quot;_animation_delay&quot;:&quot;600&quot;}\" data-widget_type=\"heading.default\">\n\t\t\t\t<div class=\"elementor-widget-container\">\n\t\t\t<h2 class=\"elementor-heading-title elementor-size-default\"><b style=\"color:#D13B0A\">Sprechen Sie uns gerne an.<\/b> Wir sind telefonisch unter <i>+49 531 61 56 57 83<\/i> oder per E-Mail unter <i>Kontakt@optiso-consult.de<\/i> erreichbar.\n<\/h2>\t\t<\/div>\n\t\t\t\t<\/div>\n\t\t\t\t<div class=\"elementor-element elementor-element-1d744e43 elementor-align-center elementor-invisible elementor-widget elementor-widget-button\" data-id=\"1d744e43\" data-element_type=\"widget\" data-settings=\"{&quot;_animation&quot;:&quot;fadeIn&quot;,&quot;_animation_delay&quot;:&quot;1000&quot;}\" data-widget_type=\"button.default\">\n\t\t\t\t<div class=\"elementor-widget-container\">\n\t\t\t\t\t<div class=\"elementor-button-wrapper\">\n\t\t\t<a class=\"elementor-button elementor-button-link elementor-size-xl elementor-animation-grow\" href=\"https:\/\/www.optiso-prozessautomatisierung.de\/informationen-2\/kontakt\/\" target=\"_blank\">\n\t\t\t\t\t\t<span class=\"elementor-button-content-wrapper\">\n\t\t\t\t\t\t\t\t\t<span class=\"elementor-button-text\">Kontaktieren<\/span>\n\t\t\t\t\t<\/span>\n\t\t\t\t\t<\/a>\n\t\t<\/div>\n\t\t\t\t<\/div>\n\t\t\t\t<\/div>\n\t\t\t\t\t<\/div>\n\t\t<\/div>\n\t\t\t\t\t<\/div>\n\t\t<\/section>\n\t\t\t\t<\/div>\n\t\t","protected":false},"excerpt":{"rendered":"<p>ProzessAutomatisierung Als herstellerunabh\u00e4ngiger Systemintegrator w\u00e4hlen wir die passenden Automationsstrategien und -technologien f\u00fcr Ihr Unternehmen aus und realisieren diese mit Kompetenz und Erfahrung aus mehr als 30 Jahren Beratungserfahrungen. Eine Auswahl Unserer Leistungen im Einzelnen: 1. Basic- Engineering Konzepterstellung, Technische \/ Kommerzielle Vorkl\u00e4rung Marktstudien \/ Systemvergleiche Spezifikation EMSR-Technik und Automatisierungssystemen Funktionale Sicherheit SIL \/ PL 2. [&hellip;]<\/p>\n","protected":false},"author":1,"featured_media":0,"parent":0,"menu_order":0,"comment_status":"closed","ping_status":"closed","template":"elementor_header_footer","meta":{"footnotes":""},"class_list":["post-5061","page","type-page","status-publish","hentry"],"yoast_head":"<!-- This site is optimized with the Yoast SEO plugin v23.5 - https:\/\/yoast.com\/wordpress\/plugins\/seo\/ -->\n<title>Unsere Leistungen - Prozessautomatisierung<\/title>\n<meta name=\"description\" content=\"Prozessautomatisierung \/ Automation: Beratung | Planung | Engineering | Installation | Inbetriebnahme | Modernisierung | Erweiterung und mehr\" \/>\n<meta name=\"robots\" content=\"index, follow, max-snippet:-1, max-image-preview:large, max-video-preview:-1\" \/>\n<link rel=\"canonical\" href=\"https:\/\/www.optiso-prozessautomatisierung.de\/?page_id=5061\" \/>\n<meta property=\"og:locale\" content=\"de_DE\" \/>\n<meta property=\"og:type\" content=\"article\" \/>\n<meta property=\"og:title\" content=\"Unsere Leistungen - Prozessautomatisierung\" \/>\n<meta property=\"og:description\" content=\"Prozessautomatisierung \/ Automation: Beratung | Planung | Engineering | Installation | Inbetriebnahme | Modernisierung | Erweiterung und mehr\" \/>\n<meta property=\"og:url\" content=\"https:\/\/www.optiso-prozessautomatisierung.de\/?page_id=5061\" \/>\n<meta property=\"og:site_name\" content=\"Prozessautomatisierung\" \/>\n<meta property=\"article:modified_time\" content=\"2022-09-11T19:48:44+00:00\" \/>\n<meta name=\"twitter:card\" content=\"summary_large_image\" \/>\n<meta name=\"twitter:label1\" content=\"Gesch\u00e4tzte Lesezeit\" \/>\n\t<meta name=\"twitter:data1\" content=\"2 Minuten\" \/>\n<script type=\"application\/ld+json\" class=\"yoast-schema-graph\">{\"@context\":\"https:\/\/schema.org\",\"@graph\":[{\"@type\":\"WebPage\",\"@id\":\"https:\/\/www.optiso-prozessautomatisierung.de\/?page_id=5061\",\"url\":\"https:\/\/www.optiso-prozessautomatisierung.de\/?page_id=5061\",\"name\":\"Unsere Leistungen - Prozessautomatisierung\",\"isPartOf\":{\"@id\":\"https:\/\/www.optiso-prozessautomatisierung.de\/#website\"},\"datePublished\":\"2021-07-26T10:47:28+00:00\",\"dateModified\":\"2022-09-11T19:48:44+00:00\",\"description\":\"Prozessautomatisierung \/ Automation: Beratung | Planung | Engineering | Installation | Inbetriebnahme | Modernisierung | Erweiterung und mehr\",\"breadcrumb\":{\"@id\":\"https:\/\/www.optiso-prozessautomatisierung.de\/?page_id=5061#breadcrumb\"},\"inLanguage\":\"de-DE\",\"potentialAction\":[{\"@type\":\"ReadAction\",\"target\":[\"https:\/\/www.optiso-prozessautomatisierung.de\/?page_id=5061\"]}]},{\"@type\":\"BreadcrumbList\",\"@id\":\"https:\/\/www.optiso-prozessautomatisierung.de\/?page_id=5061#breadcrumb\",\"itemListElement\":[{\"@type\":\"ListItem\",\"position\":1,\"name\":\"Startseite\",\"item\":\"https:\/\/www.optiso-prozessautomatisierung.de\/\"},{\"@type\":\"ListItem\",\"position\":2,\"name\":\"Unsere Leistungen\"}]},{\"@type\":\"WebSite\",\"@id\":\"https:\/\/www.optiso-prozessautomatisierung.de\/#website\",\"url\":\"https:\/\/www.optiso-prozessautomatisierung.de\/\",\"name\":\"Prozessautomatisierung\",\"description\":\"\",\"publisher\":{\"@id\":\"https:\/\/www.optiso-prozessautomatisierung.de\/#organization\"},\"potentialAction\":[{\"@type\":\"SearchAction\",\"target\":{\"@type\":\"EntryPoint\",\"urlTemplate\":\"https:\/\/www.optiso-prozessautomatisierung.de\/?s={search_term_string}\"},\"query-input\":{\"@type\":\"PropertyValueSpecification\",\"valueRequired\":true,\"valueName\":\"search_term_string\"}}],\"inLanguage\":\"de-DE\"},{\"@type\":\"Organization\",\"@id\":\"https:\/\/www.optiso-prozessautomatisierung.de\/#organization\",\"name\":\"Prozessautomatisierung\",\"url\":\"https:\/\/www.optiso-prozessautomatisierung.de\/\",\"logo\":{\"@type\":\"ImageObject\",\"inLanguage\":\"de-DE\",\"@id\":\"https:\/\/www.optiso-prozessautomatisierung.de\/#\/schema\/logo\/image\/\",\"url\":\"https:\/\/www.optiso-prozessautomatisierung.de\/wp-content\/uploads\/2021\/11\/optiso-logo.png\",\"contentUrl\":\"https:\/\/www.optiso-prozessautomatisierung.de\/wp-content\/uploads\/2021\/11\/optiso-logo.png\",\"width\":232,\"height\":266,\"caption\":\"Prozessautomatisierung\"},\"image\":{\"@id\":\"https:\/\/www.optiso-prozessautomatisierung.de\/#\/schema\/logo\/image\/\"}}]}<\/script>\n<!-- \/ Yoast SEO plugin. -->","yoast_head_json":{"title":"Unsere Leistungen - Prozessautomatisierung","description":"Prozessautomatisierung \/ Automation: Beratung | Planung | Engineering | Installation | Inbetriebnahme | Modernisierung | Erweiterung und mehr","robots":{"index":"index","follow":"follow","max-snippet":"max-snippet:-1","max-image-preview":"max-image-preview:large","max-video-preview":"max-video-preview:-1"},"canonical":"https:\/\/www.optiso-prozessautomatisierung.de\/?page_id=5061","og_locale":"de_DE","og_type":"article","og_title":"Unsere Leistungen - Prozessautomatisierung","og_description":"Prozessautomatisierung \/ Automation: Beratung | Planung | Engineering | Installation | Inbetriebnahme | Modernisierung | Erweiterung und mehr","og_url":"https:\/\/www.optiso-prozessautomatisierung.de\/?page_id=5061","og_site_name":"Prozessautomatisierung","article_modified_time":"2022-09-11T19:48:44+00:00","twitter_card":"summary_large_image","twitter_misc":{"Gesch\u00e4tzte Lesezeit":"2 Minuten"},"schema":{"@context":"https:\/\/schema.org","@graph":[{"@type":"WebPage","@id":"https:\/\/www.optiso-prozessautomatisierung.de\/?page_id=5061","url":"https:\/\/www.optiso-prozessautomatisierung.de\/?page_id=5061","name":"Unsere Leistungen - Prozessautomatisierung","isPartOf":{"@id":"https:\/\/www.optiso-prozessautomatisierung.de\/#website"},"datePublished":"2021-07-26T10:47:28+00:00","dateModified":"2022-09-11T19:48:44+00:00","description":"Prozessautomatisierung \/ Automation: Beratung | Planung | Engineering | Installation | Inbetriebnahme | Modernisierung | Erweiterung und mehr","breadcrumb":{"@id":"https:\/\/www.optiso-prozessautomatisierung.de\/?page_id=5061#breadcrumb"},"inLanguage":"de-DE","potentialAction":[{"@type":"ReadAction","target":["https:\/\/www.optiso-prozessautomatisierung.de\/?page_id=5061"]}]},{"@type":"BreadcrumbList","@id":"https:\/\/www.optiso-prozessautomatisierung.de\/?page_id=5061#breadcrumb","itemListElement":[{"@type":"ListItem","position":1,"name":"Startseite","item":"https:\/\/www.optiso-prozessautomatisierung.de\/"},{"@type":"ListItem","position":2,"name":"Unsere Leistungen"}]},{"@type":"WebSite","@id":"https:\/\/www.optiso-prozessautomatisierung.de\/#website","url":"https:\/\/www.optiso-prozessautomatisierung.de\/","name":"Prozessautomatisierung","description":"","publisher":{"@id":"https:\/\/www.optiso-prozessautomatisierung.de\/#organization"},"potentialAction":[{"@type":"SearchAction","target":{"@type":"EntryPoint","urlTemplate":"https:\/\/www.optiso-prozessautomatisierung.de\/?s={search_term_string}"},"query-input":{"@type":"PropertyValueSpecification","valueRequired":true,"valueName":"search_term_string"}}],"inLanguage":"de-DE"},{"@type":"Organization","@id":"https:\/\/www.optiso-prozessautomatisierung.de\/#organization","name":"Prozessautomatisierung","url":"https:\/\/www.optiso-prozessautomatisierung.de\/","logo":{"@type":"ImageObject","inLanguage":"de-DE","@id":"https:\/\/www.optiso-prozessautomatisierung.de\/#\/schema\/logo\/image\/","url":"https:\/\/www.optiso-prozessautomatisierung.de\/wp-content\/uploads\/2021\/11\/optiso-logo.png","contentUrl":"https:\/\/www.optiso-prozessautomatisierung.de\/wp-content\/uploads\/2021\/11\/optiso-logo.png","width":232,"height":266,"caption":"Prozessautomatisierung"},"image":{"@id":"https:\/\/www.optiso-prozessautomatisierung.de\/#\/schema\/logo\/image\/"}}]}},"_links":{"self":[{"href":"https:\/\/www.optiso-prozessautomatisierung.de\/index.php?rest_route=\/wp\/v2\/pages\/5061"}],"collection":[{"href":"https:\/\/www.optiso-prozessautomatisierung.de\/index.php?rest_route=\/wp\/v2\/pages"}],"about":[{"href":"https:\/\/www.optiso-prozessautomatisierung.de\/index.php?rest_route=\/wp\/v2\/types\/page"}],"author":[{"embeddable":true,"href":"https:\/\/www.optiso-prozessautomatisierung.de\/index.php?rest_route=\/wp\/v2\/users\/1"}],"replies":[{"embeddable":true,"href":"https:\/\/www.optiso-prozessautomatisierung.de\/index.php?rest_route=%2Fwp%2Fv2%2Fcomments&post=5061"}],"version-history":[{"count":0,"href":"https:\/\/www.optiso-prozessautomatisierung.de\/index.php?rest_route=\/wp\/v2\/pages\/5061\/revisions"}],"wp:attachment":[{"href":"https:\/\/www.optiso-prozessautomatisierung.de\/index.php?rest_route=%2Fwp%2Fv2%2Fmedia&parent=5061"}],"curies":[{"name":"wp","href":"https:\/\/api.w.org\/{rel}","templated":true}]}}